417 is divided by 26/(-273) + 422/21.
17
Let x(d) = 18*d - 1. Suppose -3*h + 326 = -5*c, c + 334 = 10*h - 7*h. Let w = h - 55. What is the remainder when w is divided by x(1)?
6
What is the remainder when (-7277 - 4)*14/(-126) is divided by 10?
9
Let k(g) = 44*g**2 + 33*g - 7. Let c be k(-3). Suppose 100 + c = 6*u. What is the remainder when u is divided by 3?
2
Let z = 29 - -25. What is the remainder when 62 is divided by 37 + 0 + z/(-18)?
28
Let k = -10115 + 10256. What is the remainder when k is divided by 133?
8
Suppose 5*n + 5*p + 10 = 0, -22 + 10 = 5*n + 3*p. What is the remainder when n/(-3 - (-216)/73) is divided by 19?
16
Let g = -67 + 70. Let f(x) = -9 - 28*x + 18 + 16*x**2 + 0 - x**g. What is the remainder when 17 is divided by f(14)?
8
Suppose 5*o = 3*y + 70, -7*o + y + 60 = -2*o. Suppose 7*t + 4*w + 24 = o*t, -t - 3*w - 10 = 0. What is the remainder when 8 is divided by t?
0
Let y be (-6)/(-18)*(1 + 8). Suppose -117 = -y*r + 30. Let a = 46 + -33. What is the remainder when r is divided by a?
10
Let j = 193 - 189. Suppose 2*x + 23 = 3*z, j*z + 0*x - 46 = -5*x. Suppose 3*f + g = 0, 4 = 4*f - 2*g - 6. Calculate the remainder when z is divided by f.
0
Let i(h) = 2*h**2 + 3*h - 8. Let u be i(-3). What is the remainder when u + 2 + 255/(-2 - -5) is divided by 33?
22
Let l = 662 + -233. Suppose 2*y = 3*s + l, 5*s = -4*y + 3*s + 882. What is the remainder when y is divided by 22?
21
Let r be 16/12*(-3)/(-2). Suppose 2*v + r*x - 46 = 0, -101 = -5*v + 2*x + 7. Calculate the remainder when 263 is divided by v.
21
Let q(o) = -4*o**2 + 147*o + 41. Let f be q(37). Suppose -6 - 142 = -4*a. What is the remainder when a is divided by f + -4 + 5 + (3 - 4)?
1
Let p(a) = 4*a + 148. Let f(b) = -2*b + 19. Calculate the remainder when p(-19) is divided by f(2).
12
Let a = 5630 + -5534. Calculate the remainder when a is divided by 12.
0
Let x = -12125 - -12245. What is the remainder when 1216 is divided by x?
16
Let c(o) = -1436*o - 6306. Calculate the remainder when c(-5) is divided by 35.
34
Suppose 97 + 715 = 3*x - 2*s, 5*s = 4*x - 1078. Let y = x + -187. What is the remainder when y is divided by 56?
29
Calculate the remainder when (-1)/(7/(-11 - 1865)) is divided by 15.
13
Suppose -4*y + 8*m - 3*m = 383, 3*y = -2*m - 270. What is the remainder when 34/6 + -5 + y/(-6) is divided by 4/18 + 291/27?
5
Suppose -2*r = -12*x + 11*x, -r = x. Suppose 0*b = b - 5*q - 16, -2*b - 3*q + 19 = r. Calculate the remainder when 306 is divided by b.
9
Let w be (2 - 87)*172/(-14 - -10). Suppose -22*j = 1213 - w. What is the remainder when j is divided by 64?
47
Let d = -267 - -827. Calculate the remainder when d is divided by 273.
14
Let g = 2927 - 2890. What is the remainder when 1101 is divided by g?
28
Let s = 29 - 8. Let b = -23095 + 23430. What is the remainder when b is divided by s?
20
Let t = 232 + 181. What is the remainder when t is divided by 32?
29
Let i = 336 + -262. Suppose -2*n - 2 = -2*s, -n + 5 = -0*s + 5*s. Suppose n = -3*o + 5*o - 40. Calculate the remainder when i is divided by o.
14
Let r be (-10 - 2)*(-1)/3. Suppose 2*q - 19 = k - 0*k, 5*q - r*k - 52 = 0. What is the remainder when q is divided by ((-8)/(-11))/(-4 - 782/(-187))?
0
Let o(h) = -122*h + 333. Calculate the remainder when 628 is divided by o(2).
5
Suppose 25*j - 2 = -52. What is the remainder when 38 is divided by (3 + j)/((-4)/(-28))?
3
Let q(s) = 2*s**2 - s + 2. Let o be q(-2). Suppose -7*g + o + 37 = 0. What is the remainder when 136/14 + ((-60)/(-14) - 4) is divided by g?
3
Let u(m) = 4*m - 82 - 87 + 174. Calculate the remainder when 506 is divided by u(2).
12
Calculate the remainder when 2199 is divided by ((-9)/(-5))/(-3) - 285584/(-1040).
7
Suppose 458*x - 4536 = 446*x. What is the remainder when x is divided by 149?
80
Suppose -4*g - 23*g = -109890. Calculate the remainder when g is divided by 59.
58
Let q(w) = 7*w**2 - 7 + 14 - 22*w + 10 - 4*w**2. Calculate the remainder when (-63)/(-6)*(-6)/(-1) is divided by q(8).
30
Let k(i) = 5*i - 112. Suppose 0 = 5*v - 5, 0*v - 5*v - 7 = 2*s. Calculate the remainder when k(23) is divided by (-14)/(-6) - (-2)/s.
1
Let d = 4742 + -4657. Calculate the remainder when 1868 is divided by d.
83
Suppose a = 8*a + 189. Let k = 28 - a. Let y = k + -41. What is the remainder when 26 is divided by y?
12
Let c = -394 + 218. What is the remainder when 4/((2/3)/(c/(-12))) is divided by 15?
13
Let g(r) = -52*r - 3260. Calculate the remainder when g(-75) is divided by 213.
1
Let a(u) = u + 5. Calculate the remainder when ((-30)/(-42) + -1)*(13209/(-34) + 7) is divided by a(0).
4
Let x(u) = -4*u**2 - u - 2. Let c be x(4). Let a = -10081 + 10154. Let o = c + a. What is the remainder when 8 is divided by o?
2
Let b = -215 + 239. Let d = 1 - -6. Calculate the remainder when (-24)/(-24) - (-1 - b) is divided by d.
5
Let z(t) = -t**2 - 9*t + 20. Let r be z(-10). Suppose -12*w = -r*w - 26. Let q = 6 - -17. Calculate the remainder when q is divided by w.
10
Let k(s) = -95*s - 896. Calculate the remainder when 2479 is divided by k(-10).
49
Let b = -2485 - -3285. What is the remainder when b is divided by 26?
20
Suppose 12 = -3*h - 0. Let c be 340/40 + 2*1/h. Suppose c*s = 7*s + q + 51, -q - 2 = 0. Calculate the remainder when 146 is divided by s.
48
Let m(k) = 6*k + 275. Calculate the remainder when m(-28) is divided by 4.
3
Let y be (-387)/(-4)*2 - (-15)/(-10). Suppose -y*o + 1520 = -182*o. What is the remainder when o is divided by 12?
8
Let i = 5349 + -3597. Suppose 25*f - 33*f + i = 0. Calculate the remainder when f is divided by 55.
54
Let c(i) = i**3 - 5*i**2 - i. Let k be c(6). Suppose 0 = -o + k - 10. Calculate the remainder when o is divided by (-2)/(-9)*(-99)/(-132)*48.
4
Let v(r) = -258*r**3 - 5*r**2 + 3*r + 1. Let m be v(1). Let i = -256 - m. Calculate the remainder when 6 is divided by i.
0
Let w be 587/1 + (-4 - (-10 + 9)). Suppose 104 = -20*g + w. Calculate the remainder when g is divided by 8.
0
Let b(x) = -x**2 + 5*x + 7. Suppose 2*m - 60 = 4*c, -3*m - 3*c = -55 + 10. Calculate the remainder when (6 + 55/(-10))*m is divided by b(5).
3
Let a = 2951 - 2687. Calculate the remainder when a is divided by 99.
66
Let t(b) = 40*b + 482. What is the remainder when 365 is divided by t(-11)?
29
Suppose 0 = -7*k + 12 + 23. Let a be (-3 - 0) + (-1 - -6 - k). Let m(s) = -4*s**3 - 4*s**2 + s - 4. What is the remainder when m(a) is divided by 20?
5
Suppose 0 = 2*l - 0*l - 40. Suppose -514 + 702 = 4*c. Let u = c + l. Calculate the remainder when u is divided by 17.
16
Let x = 35 + -31. Suppose -69 = -x*r + 191. Suppose -2*i - k + r = 0, -i + 3*k = 8*k - 10. Calculate the remainder when i is divided by 13.
9
Suppose -14*r + 2027 = 39. Let l = 200 - r. What is the remainder when l is divided by 17?
7
What is the remainder when 394 is divided by 0 - ((-1)/(-4) + 1191/(-12))?
97
Let a = 66 - 39. Suppose -4*s + 12 = -0, s + 3 = c. Suppose 36 = 4*j - y + c*y, 3*y + 4 = 4*j. What is the remainder when a is divided by j?
3
Calculate the remainder when (0 + 0 + 2)*(5840/16 - 36) is divided by 56.
42
Calculate the remainder when (-7928)/(-40) - 1/5 is divided by (-84)/(-70)*(-320)/(-48).
6
Let c = -6834 + 6866. Calculate the remainder when 2234 is divided by c.
26
What is the remainder when 6/(-7) - (168480/126)/(-20) is divided by 3 + (-4)/(2 + -3)?
3
What is the remainder when 1407 is divided by (-22)/297 + (-92114)/(-594)?
12
Suppose -30*q - 1603 = -37*q. Let i = 241 - q. Let t(k) = k**3 + 8*k**2 + 7*k + 8. What is the remainder when i is divided by t(-7)?
4
Let g(w) = -w**2 - 33*w + 223. Calculate the remainder when 2110 is divided by g(5).
31
Let g(a) = -14*a**2 + 367*a - 42. Calculate the remainder when g(25) is divided by 17.
9
Calculate the remainder when ((-123)/21*-205 - 1) + 32/112 is divided by 152.
136
Suppose -2*l = 3*q - 7, -4*q = -3 - 1. Suppose 2*b + 50 = 2*v + l, -104 = -5*v + b. Calculate the remainder when 54 is divided by v.
14
Suppose 0*k = -4*s + 4*k - 4, -4*k = 3*s + 38. Let c(r) = -29*r - 49. What is the remainder when c(s) is divided by 42?
41
Let a(j) = j**2 + 86*j + 1845. What is the remainder when 243 is divided by a(-34)?
12
Let a = 263 + -262. Suppose -d = a - 23. What is the remainder when d is divided by 8?
6
Suppose 45 = 3*y + 3. Let 